{"id":135,"date":"2020-08-19T11:19:41","date_gmt":"2020-08-19T11:19:41","guid":{"rendered":"https:\/\/deinkoelndeinewahl.de\/?page_id=135"},"modified":"2020-08-19T11:19:41","modified_gmt":"2020-08-19T11:19:41","slug":"statment-der-ob-kandidatinnen","status":"publish","type":"page","link":"https:\/\/deinkoelndeinewahl.de\/?page_id=135","title":{"rendered":"Statment der OB Kandidat*innen"},"content":{"rendered":"\n<p>Hier findet ihr die Statment&#8217;s von unseren vier G\u00e4sten bei der Wahlarena. <\/p>\n\n\n\n<p class=\"has-text-align-center has-larger-font-size\"><strong>Reker &#8211; Detjen &#8211; Kossiski &#8211; Zimmermann<\/strong><\/p>\n\n\n\n<figure class=\"wp-block-image size-large\"><img loading=\"lazy\" width=\"1024\" height=\"680\" src=\"https:\/\/deinkoelndeinewahl.de\/wp-content\/uploads\/2020\/08\/cob_20200509_OB-Reker-Suedstadt_15-1024x680.jpg\" alt=\"\" class=\"wp-image-136\" srcset=\"https:\/\/deinkoelndeinewahl.de\/wp-content\/uploads\/2020\/08\/cob_20200509_OB-Reker-Suedstadt_15-1024x680.jpg 1024w, https:\/\/deinkoelndeinewahl.de\/wp-content\/uploads\/2020\/08\/cob_20200509_OB-Reker-Suedstadt_15-300x199.jpg 300w, https:\/\/deinkoelndeinewahl.de\/wp-content\/uploads\/2020\/08\/cob_20200509_OB-Reker-Suedstadt_15-768x510.jpg 768w, https:\/\/deinkoelndeinewahl.de\/wp-content\/uploads\/2020\/08\/cob_20200509_OB-Reker-Suedstadt_15-1536x1021.jpg 1536w, https:\/\/deinkoelndeinewahl.de\/wp-content\/uploads\/2020\/08\/cob_20200509_OB-Reker-Suedstadt_15-1200x797.jpg 1200w\" sizes=\"(max-width: 1024px) 100vw, 1024px\" \/><figcaption>OB Kandidatin parteilos: Henritte Reker<\/figcaption><\/figure>\n\n\n\n<p class=\"has-large-font-size\">Wieso ist es wichtig, dass Kinder und Jugendliche w\u00e4hlen gehen?<\/p>\n\n\n\n<blockquote class=\"wp-block-quote\"><p>Kinder und Jugendliche sind die Zukunft. Kinder und Jugendliche tragen eine gro\u00dfe B\u00fcrde. Einerseits werden sie die Altlasten der \u00e4lteren Generation erben, dazu geh\u00f6ren zum Beispiel auch die Schulden, die die Stadt aufgrund der Corona-Pandemie aufgenommen hat, allein dieses Jahr sind das 480 Millionen Euro. Andererseits muss die junge Generation die Herausforderungen durch den Klimawandel bew\u00e4ltigen. Das sind schwierige und komplexe Aufgaben! Deswegen ist es wichtig, dass Kinder Und Jugendliche sich fr\u00fch f\u00fcr Politik interessieren und sich einmischen.<\/p><\/blockquote>\n\n\n\n<p class=\"has-large-font-size\">Was wollen wir f\u00fcr das junge K\u00f6ln?<\/p>\n\n\n\n<blockquote class=\"wp-block-quote\"><p>Was das junge K\u00f6ln braucht, kann ich nur bedingt sagen. Das m\u00fcssen Kinder und Jugendliche selbst formulieren und umsetzen. Dazu muss man Raum und Ressourcen schaffen. Deswegen spreche ich als erste Oberb\u00fcrgermeisterin \u00a0jedes Jahr mit den Vertreterinnen und Vertretern des K\u00f6lner Jugendrings. Deswegen finde ich es wichtig, dass Jugendorganisationen mit Geld ausgestattet werden. Auch deswegen finde ich es besonders wichtig, dass es jetzt ein Kinder- und Jugendb\u00fcro in der Stadt gibt.<\/p><\/blockquote>\n\n\n\n<figure class=\"wp-block-image size-large\"><img loading=\"lazy\" width=\"871\" height=\"1024\" src=\"https:\/\/deinkoelndeinewahl.de\/wp-content\/uploads\/2020\/08\/J\u00f6rg-Detjen_roter-Hintergrund-o-Logo-871x1024.jpg\" alt=\"\" class=\"wp-image-137\" srcset=\"https:\/\/deinkoelndeinewahl.de\/wp-content\/uploads\/2020\/08\/J\u00f6rg-Detjen_roter-Hintergrund-o-Logo-871x1024.jpg 871w, https:\/\/deinkoelndeinewahl.de\/wp-content\/uploads\/2020\/08\/J\u00f6rg-Detjen_roter-Hintergrund-o-Logo-255x300.jpg 255w, https:\/\/deinkoelndeinewahl.de\/wp-content\/uploads\/2020\/08\/J\u00f6rg-Detjen_roter-Hintergrund-o-Logo-768x902.jpg 768w, https:\/\/deinkoelndeinewahl.de\/wp-content\/uploads\/2020\/08\/J\u00f6rg-Detjen_roter-Hintergrund-o-Logo.jpg 1000w\" sizes=\"(max-width: 871px) 100vw, 871px\" \/><figcaption>OB Kandidat der Linken: J\u00f6rg Detjen<\/figcaption><\/figure>\n\n\n\n<p class=\"has-large-font-size\">Wieso ist es wichtig, dass Kinder und Jugendliche w\u00e4hlen gehen?<\/p>\n\n\n\n<blockquote class=\"wp-block-quote\"><p>Damit sie in politische Fragen eingebunden werden. Sie sollten das Recht haben, durch ihre Stimme ihre Umgebung mitzugestalten und endlich als \u201evollwertig\u201c anerkannt werden.Sie bestimmen durch das W\u00e4hlen gehen mit, wie ihre eigene Zukunft aussehen soll. Deshalb bundesweites Wahlrecht mit 16 Jahren!<\/p><\/blockquote>\n\n\n\n<p class=\"has-large-font-size\">Was wollen wir f\u00fcr das junge K\u00f6ln?<\/p>\n\n\n\n<blockquote class=\"wp-block-quote\"><p>Als Oberb\u00fcrgermeister will ich die Kinderarmut bek\u00e4mpfen und benachteiligte Schulen sofort mit 1 Mio. Euro j\u00e4hrlich unterst\u00fctzen. Jedes Kind mit einem K\u00f6ln-Pass erh\u00e4lt kostenlos einen Laptop oder ein Tablet f\u00fcr den Unterricht. Mittelfristig braucht jedes Schulkind ein Tablet und einen Internetanschluss. Jugendliche und junge Erwachsene brauchen Freir\u00e4ume ohne Kontrolle. Mehr Freizeit und kostenlose Angebote, mehr Jugendzentren und Parks und F\u00f6rderung dieser Treffpunkte. Versch\u00f6nerung der Randbezirke, damit sich keine*r vernachl\u00e4ssigt f\u00fchlt. Freifl\u00e4chen mit Handyladestationen und freiem WLAN als zwangslose Treffpunkte m\u00fcssen Kindern und Jugendlichen zur Verf\u00fcgung stehen.<\/p><\/blockquote>\n\n\n\n<figure class=\"wp-block-image size-large\"><img loading=\"lazy\" width=\"1024\" height=\"683\" src=\"https:\/\/deinkoelndeinewahl.de\/wp-content\/uploads\/2020\/08\/Pressefoto-Andreas-Kossiski_1-1024x683.jpg\" alt=\"\" class=\"wp-image-138\" srcset=\"https:\/\/deinkoelndeinewahl.de\/wp-content\/uploads\/2020\/08\/Pressefoto-Andreas-Kossiski_1-1024x683.jpg 1024w, https:\/\/deinkoelndeinewahl.de\/wp-content\/uploads\/2020\/08\/Pressefoto-Andreas-Kossiski_1-300x200.jpg 300w, https:\/\/deinkoelndeinewahl.de\/wp-content\/uploads\/2020\/08\/Pressefoto-Andreas-Kossiski_1-768x512.jpg 768w, https:\/\/deinkoelndeinewahl.de\/wp-content\/uploads\/2020\/08\/Pressefoto-Andreas-Kossiski_1-1536x1024.jpg 1536w, https:\/\/deinkoelndeinewahl.de\/wp-content\/uploads\/2020\/08\/Pressefoto-Andreas-Kossiski_1-2048x1365.jpg 2048w, https:\/\/deinkoelndeinewahl.de\/wp-content\/uploads\/2020\/08\/Pressefoto-Andreas-Kossiski_1-1200x800.jpg 1200w, https:\/\/deinkoelndeinewahl.de\/wp-content\/uploads\/2020\/08\/Pressefoto-Andreas-Kossiski_1-1980x1320.jpg 1980w\" sizes=\"(max-width: 1024px) 100vw, 1024px\" \/><figcaption>OB Kandidat der SPD: Andreas Kossiski<\/figcaption><\/figure>\n\n\n\n<p class=\"has-large-font-size\">Wieso ist es wichtig, dass Kinder und Jugendliche w\u00e4hlen gehen?<\/p>\n\n\n\n<blockquote class=\"wp-block-quote\"><p>Das freie und geheime Wahlrecht ist eine tragende S\u00e4ule der Demokratie. In diesem Land kann man \u00f6ffentlich seine Meinung \u00e4u\u00dfern, ohne Angst vor Repressionen haben zu m\u00fcssen. Von daher sollten alle zur Wahl gehen, um von diesem verbrieften Wahlrecht Gebrauch zu machen. Die jungen W\u00e4hlerinnen und W\u00e4hler bestimmen durch diese Wahl ein gro\u00dfes St\u00fcck ihrer Zukunft hinsichtlich sozialer Gerechtigkeit, schulischer und beruflicher Ausbildung sowie \u00f6konomischer und \u00f6kologischer Lebensqualit\u00e4t in dieser Stadt.<\/p><\/blockquote>\n\n\n\n<p class=\"has-large-font-size\">Was wollen wir f\u00fcr das junge K\u00f6ln?<\/p>\n\n\n\n<blockquote class=\"wp-block-quote\"><p>Die Jugend ist die Zukunft unserer Stadt, unseres Landes, dieses Planeten. Unser Ziel ist es, allen Kindern und Jugendlichen die gleichen Chance auf Bildung und Entwicklung zu erm\u00f6glichen &#8211; gleich welcher Herkunft oder sozialen Situation.<\/p><\/blockquote>\n\n\n\n<figure class=\"wp-block-image size-large\"><img loading=\"lazy\" width=\"683\" height=\"1024\" src=\"https:\/\/deinkoelndeinewahl.de\/wp-content\/uploads\/2020\/08\/Thor-Zimmermann__36A6366-1-683x1024.jpg\" alt=\"\" class=\"wp-image-140\" srcset=\"https:\/\/deinkoelndeinewahl.de\/wp-content\/uploads\/2020\/08\/Thor-Zimmermann__36A6366-1-683x1024.jpg 683w, https:\/\/deinkoelndeinewahl.de\/wp-content\/uploads\/2020\/08\/Thor-Zimmermann__36A6366-1-200x300.jpg 200w, https:\/\/deinkoelndeinewahl.de\/wp-content\/uploads\/2020\/08\/Thor-Zimmermann__36A6366-1-768x1152.jpg 768w, https:\/\/deinkoelndeinewahl.de\/wp-content\/uploads\/2020\/08\/Thor-Zimmermann__36A6366-1-1024x1536.jpg 1024w, https:\/\/deinkoelndeinewahl.de\/wp-content\/uploads\/2020\/08\/Thor-Zimmermann__36A6366-1-1366x2048.jpg 1366w, https:\/\/deinkoelndeinewahl.de\/wp-content\/uploads\/2020\/08\/Thor-Zimmermann__36A6366-1-1200x1800.jpg 1200w, https:\/\/deinkoelndeinewahl.de\/wp-content\/uploads\/2020\/08\/Thor-Zimmermann__36A6366-1-1980x2970.jpg 1980w, https:\/\/deinkoelndeinewahl.de\/wp-content\/uploads\/2020\/08\/Thor-Zimmermann__36A6366-1-scaled.jpg 1707w\" sizes=\"(max-width: 683px) 100vw, 683px\" \/><figcaption>OB Kandidat der W\u00e4hlergruppe GUT: Thor Zimmermann<\/figcaption><\/figure>\n\n\n\n<p class=\"has-large-font-size\">Wieso ist es wichtig, dass Kinder und Jugendliche w\u00e4hlen gehen?<\/p>\n\n\n\n<blockquote class=\"wp-block-quote\"><p>Die M\u00f6glichkeit an Wahlen teilzunehmen ist f\u00fcr alle Menschen unabh\u00e4ngig von ihrem Alter wichtig, also auch f\u00fcr Kinder und Jugendliche. Mit der Stimmabgabe beeinflusst Du nicht nur die Inhalte und Ausrichtung der zuk\u00fcnftigen Politik, Du gibst den handelnden Politiker*innen \u00fcberhaupt erst die Berechtigung in Deinem Namen sprechen zu k\u00f6nnen. Ein Punkt ist auch wichtig: Deine Stimme ist genauso viel wert, wird genauso gez\u00e4hlt, wie die eines \u00e4lteren Menschen.<\/p><\/blockquote>\n\n\n\n<p class=\"has-large-font-size\">Was wollen wir f\u00fcr das junge K\u00f6ln?<\/p>\n\n\n\n<blockquote class=\"wp-block-quote\"><p>Als Oberb\u00fcrgermeisterkandidat wie als Mitglied der W\u00e4hlergruppe GUT K\u00f6ln w\u00fcnsche ich mir, dass mehr auf das &#8222;junge K\u00f6ln&#8220; geh\u00f6rt wird. Sei es in Klimafragen oder zu Themen wie Schule, Ausbildung und Freizeit. Das junge K\u00f6ln muss ernst genommen werden. Damit Jugendliche sich besser beteiligen k\u00f6nnen, sollten Politiker*innen mehr in die Schulen gehen und \u00fcber die M\u00f6glichkeiten der Einflussnahme berichten.<\/p><\/blockquote>\n","protected":false},"excerpt":{"rendered":"<p>Hier findet ihr die Statment&#8217;s von unseren vier G\u00e4sten bei der Wahlarena. Reker &#8211; Detjen &#8211; Kossiski &#8211; Zimmermann Wieso ist es wichtig, dass Kinder und Jugendliche w\u00e4hlen gehen? Kinder und Jugendliche sind die Zukunft. Kinder und Jugendliche tragen eine gro\u00dfe B\u00fcrde. Einerseits werden sie die Altlasten der \u00e4lteren Generation erben, dazu geh\u00f6ren zum Beispiel [&hellip;]<\/p>\n","protected":false},"author":1,"featured_media":0,"parent":0,"menu_order":0,"comment_status":"closed","ping_status":"closed","template":"","meta":[],"_links":{"self":[{"href":"https:\/\/deinkoelndeinewahl.de\/index.php?rest_route=\/wp\/v2\/pages\/135"}],"collection":[{"href":"https:\/\/deinkoelndeinewahl.de\/index.php?rest_route=\/wp\/v2\/pages"}],"about":[{"href":"https:\/\/deinkoelndeinewahl.de\/index.php?rest_route=\/wp\/v2\/types\/page"}],"author":[{"embeddable":true,"href":"https:\/\/deinkoelndeinewahl.de\/index.php?rest_route=\/wp\/v2\/users\/1"}],"replies":[{"embeddable":true,"href":"https:\/\/deinkoelndeinewahl.de\/index.php?rest_route=%2Fwp%2Fv2%2Fcomments&post=135"}],"version-history":[{"count":1,"href":"https:\/\/deinkoelndeinewahl.de\/index.php?rest_route=\/wp\/v2\/pages\/135\/revisions"}],"predecessor-version":[{"id":141,"href":"https:\/\/deinkoelndeinewahl.de\/index.php?rest_route=\/wp\/v2\/pages\/135\/revisions\/141"}],"wp:attachment":[{"href":"https:\/\/deinkoelndeinewahl.de\/index.php?rest_route=%2Fwp%2Fv2%2Fmedia&parent=135"}],"curies":[{"name":"wp","href":"https:\/\/api.w.org\/{rel}","templated":true}]}}

<p>Hier findet ihr die Statment&#8217;s von unseren vier Gästen bei der Wahlarena. </p>



<p class="has-text-align-center has-larger-font-size"><strong>Reker &#8211; Detjen &#8211; Kossiski &#8211; Zimmermann</strong></p>



<figure class="wp-block-image size-large"><img loading="lazy" width="1024" height="680" src="https://deinkoelndeinewahl.de/wp-content/uploads/2020/08/cob_20200509_OB-Reker-Suedstadt_15-1024x680.jpg" alt="" class="wp-image-136" srcset="https://deinkoelndeinewahl.de/wp-content/uploads/2020/08/cob_20200509_OB-Reker-Suedstadt_15-1024x680.jpg 1024w, https://deinkoelndeinewahl.de/wp-content/uploads/2020/08/cob_20200509_OB-Reker-Suedstadt_15-300x199.jpg 300w, https://deinkoelndeinewahl.de/wp-content/uploads/2020/08/cob_20200509_OB-Reker-Suedstadt_15-768x510.jpg 768w, https://deinkoelndeinewahl.de/wp-content/uploads/2020/08/cob_20200509_OB-Reker-Suedstadt_15-1536x1021.jpg 1536w, https://deinkoelndeinewahl.de/wp-content/uploads/2020/08/cob_20200509_OB-Reker-Suedstadt_15-1200x797.jpg 1200w" sizes="(max-width: 1024px) 100vw, 1024px" /><figcaption>OB Kandidatin parteilos: Henritte Reker</figcaption></figure>



<p class="has-large-font-size">Wieso ist es wichtig, dass Kinder und Jugendliche wählen gehen?</p>



<blockquote class="wp-block-quote"><p>Kinder und Jugendliche sind die Zukunft. Kinder und Jugendliche tragen eine große Bürde. Einerseits werden sie die Altlasten der älteren Generation erben, dazu gehören zum Beispiel auch die Schulden, die die Stadt aufgrund der Corona-Pandemie aufgenommen hat, allein dieses Jahr sind das 480 Millionen Euro. Andererseits muss die junge Generation die Herausforderungen durch den Klimawandel bewältigen. Das sind schwierige und komplexe Aufgaben! Deswegen ist es wichtig, dass Kinder Und Jugendliche sich früh für Politik interessieren und sich einmischen.</p></blockquote>



<p class="has-large-font-size">Was wollen wir für das junge Köln?</p>



<blockquote class="wp-block-quote"><p>Was das junge Köln braucht, kann ich nur bedingt sagen. Das müssen Kinder und Jugendliche selbst formulieren und umsetzen. Dazu muss man Raum und Ressourcen schaffen. Deswegen spreche ich als erste Oberbürgermeisterin  jedes Jahr mit den Vertreterinnen und Vertretern des Kölner Jugendrings. Deswegen finde ich es wichtig, dass Jugendorganisationen mit Geld ausgestattet werden. Auch deswegen finde ich es besonders wichtig, dass es jetzt ein Kinder- und Jugendbüro in der Stadt gibt.</p></blockquote>



<figure class="wp-block-image size-large"><img loading="lazy" width="871" height="1024" src="https://deinkoelndeinewahl.de/wp-content/uploads/2020/08/Jörg-Detjen_roter-Hintergrund-o-Logo-871x1024.jpg" alt="" class="wp-image-137" srcset="https://deinkoelndeinewahl.de/wp-content/uploads/2020/08/Jörg-Detjen_roter-Hintergrund-o-Logo-871x1024.jpg 871w, https://deinkoelndeinewahl.de/wp-content/uploads/2020/08/Jörg-Detjen_roter-Hintergrund-o-Logo-255x300.jpg 255w, https://deinkoelndeinewahl.de/wp-content/uploads/2020/08/Jörg-Detjen_roter-Hintergrund-o-Logo-768x902.jpg 768w, https://deinkoelndeinewahl.de/wp-content/uploads/2020/08/Jörg-Detjen_roter-Hintergrund-o-Logo.jpg 1000w" sizes="(max-width: 871px) 100vw, 871px" /><figcaption>OB Kandidat der Linken: Jörg Detjen</figcaption></figure>



<p class="has-large-font-size">Wieso ist es wichtig, dass Kinder und Jugendliche wählen gehen?</p>



<blockquote class="wp-block-quote"><p>Damit sie in politische Fragen eingebunden werden. Sie sollten das Recht haben, durch ihre Stimme ihre Umgebung mitzugestalten und endlich als „vollwertig“ anerkannt werden.Sie bestimmen durch das Wählen gehen mit, wie ihre eigene Zukunft aussehen soll. Deshalb bundesweites Wahlrecht mit 16 Jahren!</p></blockquote>



<p class="has-large-font-size">Was wollen wir für das junge Köln?</p>



<blockquote class="wp-block-quote"><p>Als Oberbürgermeister will ich die Kinderarmut bekämpfen und benachteiligte Schulen sofort mit 1 Mio. Euro jährlich unterstützen. Jedes Kind mit einem Köln-Pass erhält kostenlos einen Laptop oder ein Tablet für den Unterricht. Mittelfristig braucht jedes Schulkind ein Tablet und einen Internetanschluss. Jugendliche und junge Erwachsene brauchen Freiräume ohne Kontrolle. Mehr Freizeit und kostenlose Angebote, mehr Jugendzentren und Parks und Förderung dieser Treffpunkte. Verschönerung der Randbezirke, damit sich keine*r vernachlässigt fühlt. Freiflächen mit Handyladestationen und freiem WLAN als zwangslose Treffpunkte müssen Kindern und Jugendlichen zur Verfügung stehen.</p></blockquote>



<figure class="wp-block-image size-large"><img loading="lazy" width="1024" height="683" src="https://deinkoelndeinewahl.de/wp-content/uploads/2020/08/Pressefoto-Andreas-Kossiski_1-1024x683.jpg" alt="" class="wp-image-138" srcset="https://deinkoelndeinewahl.de/wp-content/uploads/2020/08/Pressefoto-Andreas-Kossiski_1-1024x683.jpg 1024w, https://deinkoelndeinewahl.de/wp-content/uploads/2020/08/Pressefoto-Andreas-Kossiski_1-300x200.jpg 300w, https://deinkoelndeinewahl.de/wp-content/uploads/2020/08/Pressefoto-Andreas-Kossiski_1-768x512.jpg 768w, https://deinkoelndeinewahl.de/wp-content/uploads/2020/08/Pressefoto-Andreas-Kossiski_1-1536x1024.jpg 1536w, https://deinkoelndeinewahl.de/wp-content/uploads/2020/08/Pressefoto-Andreas-Kossiski_1-2048x1365.jpg 2048w, https://deinkoelndeinewahl.de/wp-content/uploads/2020/08/Pressefoto-Andreas-Kossiski_1-1200x800.jpg 1200w, https://deinkoelndeinewahl.de/wp-content/uploads/2020/08/Pressefoto-Andreas-Kossiski_1-1980x1320.jpg 1980w" sizes="(max-width: 1024px) 100vw, 1024px" /><figcaption>OB Kandidat der SPD: Andreas Kossiski</figcaption></figure>



<p class="has-large-font-size">Wieso ist es wichtig, dass Kinder und Jugendliche wählen gehen?</p>



<blockquote class="wp-block-quote"><p>Das freie und geheime Wahlrecht ist eine tragende Säule der Demokratie. In diesem Land kann man öffentlich seine Meinung äußern, ohne Angst vor Repressionen haben zu müssen. Von daher sollten alle zur Wahl gehen, um von diesem verbrieften Wahlrecht Gebrauch zu machen. Die jungen Wählerinnen und Wähler bestimmen durch diese Wahl ein großes Stück ihrer Zukunft hinsichtlich sozialer Gerechtigkeit, schulischer und beruflicher Ausbildung sowie ökonomischer und ökologischer Lebensqualität in dieser Stadt.</p></blockquote>



<p class="has-large-font-size">Was wollen wir für das junge Köln?</p>



<blockquote class="wp-block-quote"><p>Die Jugend ist die Zukunft unserer Stadt, unseres Landes, dieses Planeten. Unser Ziel ist es, allen Kindern und Jugendlichen die gleichen Chance auf Bildung und Entwicklung zu ermöglichen &#8211; gleich welcher Herkunft oder sozialen Situation.</p></blockquote>



<figure class="wp-block-image size-large"><img loading="lazy" width="683" height="1024" src="https://deinkoelndeinewahl.de/wp-content/uploads/2020/08/Thor-Zimmermann__36A6366-1-683x1024.jpg" alt="" class="wp-image-140" srcset="https://deinkoelndeinewahl.de/wp-content/uploads/2020/08/Thor-Zimmermann__36A6366-1-683x1024.jpg 683w, https://deinkoelndeinewahl.de/wp-content/uploads/2020/08/Thor-Zimmermann__36A6366-1-200x300.jpg 200w, https://deinkoelndeinewahl.de/wp-content/uploads/2020/08/Thor-Zimmermann__36A6366-1-768x1152.jpg 768w, https://deinkoelndeinewahl.de/wp-content/uploads/2020/08/Thor-Zimmermann__36A6366-1-1024x1536.jpg 1024w, https://deinkoelndeinewahl.de/wp-content/uploads/2020/08/Thor-Zimmermann__36A6366-1-1366x2048.jpg 1366w, https://deinkoelndeinewahl.de/wp-content/uploads/2020/08/Thor-Zimmermann__36A6366-1-1200x1800.jpg 1200w, https://deinkoelndeinewahl.de/wp-content/uploads/2020/08/Thor-Zimmermann__36A6366-1-1980x2970.jpg 1980w, https://deinkoelndeinewahl.de/wp-content/uploads/2020/08/Thor-Zimmermann__36A6366-1-scaled.jpg 1707w" sizes="(max-width: 683px) 100vw, 683px" /><figcaption>OB Kandidat der Wählergruppe GUT: Thor Zimmermann</figcaption></figure>



<p class="has-large-font-size">Wieso ist es wichtig, dass Kinder und Jugendliche wählen gehen?</p>



<blockquote class="wp-block-quote"><p>Die Möglichkeit an Wahlen teilzunehmen ist für alle Menschen unabhängig von ihrem Alter wichtig, also auch für Kinder und Jugendliche. Mit der Stimmabgabe beeinflusst Du nicht nur die Inhalte und Ausrichtung der zukünftigen Politik, Du gibst den handelnden Politiker*innen überhaupt erst die Berechtigung in Deinem Namen sprechen zu können. Ein Punkt ist auch wichtig: Deine Stimme ist genauso viel wert, wird genauso gezählt, wie die eines älteren Menschen.</p></blockquote>



<p class="has-large-font-size">Was wollen wir für das junge Köln?</p>



<blockquote class="wp-block-quote"><p>Als Oberbürgermeisterkandidat wie als Mitglied der Wählergruppe GUT Köln wünsche ich mir, dass mehr auf das &#8222;junge Köln&#8220; gehört wird. Sei es in Klimafragen oder zu Themen wie Schule, Ausbildung und Freizeit. Das junge Köln muss ernst genommen werden. Damit Jugendliche sich besser beteiligen können, sollten Politiker*innen mehr in die Schulen gehen und über die Möglichkeiten der Einflussnahme berichten.</p></blockquote>

<p>Hier findet ihr die Statment&#8217;s von unseren vier Gästen bei der Wahlarena. Reker &#8211; Detjen &#8211; Kossiski &#8211; Zimmermann Wieso ist es wichtig, dass Kinder und Jugendliche wählen gehen? Kinder und Jugendliche sind die Zukunft. Kinder und Jugendliche tragen eine große Bürde. Einerseits werden sie die Altlasten der älteren Generation erben, dazu gehören zum Beispiel [&hellip;]</p>
